{"id":992,"date":"1970-01-01T00:00:00","date_gmt":"1970-01-01T06:00:00","guid":{"rendered":"http:\/\/ventasarms.com\/?post_type=product&#038;p=992"},"modified":"2025-06-08T19:19:15","modified_gmt":"2025-06-09T01:19:15","slug":"oximetolona-anadrol-anapolon-watson-60-tabs-50-mg-2","status":"publish","type":"product","link":"http:\/\/ventasarms.com\/index.php\/producto\/oximetolona-anadrol-anapolon-watson-60-tabs-50-mg-2\/","title":{"rendered":"Oximetolona &#8211; Anadrol &#8211; Anapolon &#8211; Watson &#8211; 60 tabs &#8211; 50 mg"},"content":{"rendered":"<p>Oximetolona &#8211; Anadrol &#8211; Anapolon &#8211; Watson &#8211; 60 tabs &#8211; 50 mg<\/p>\n<p><b>NOMBRE COMERCIAL:<\/b> Anapolon<\/p>\n<p class=\"p3\"><span class=\"s2\"><b>DESCRIPCI\u00d3N:<\/b> <\/span><span class=\"s3\">Es muy eficaz para promover el aumento del peso corporal. Funciona aumentando el apetito y el n\u00famero de gl\u00f3bulos rojos, esto ayuda al cuerpo a absorber m\u00e1s ox\u00edgeno y transportarlo a los m\u00fasculos, aumentando as\u00ed la nutrici\u00f3n de tejidos y provocando el aumento de peso.<\/span><\/p>\n<p class=\"p1\"><b>AROMATIZA: <\/b>Si<\/p>\n<p class=\"p1\"><b>PRESENTACI\u00d3N:<\/b> 80 Tabletas<span class=\"Apple-converted-space\">\u00a0 <\/span>\/ 10mg<\/p>\n<p class=\"p1\"><b>MADE IN:<\/b> Rusia<\/p>\n<p class=\"p1\"><b>ADMINISTRACI\u00d3N:<\/b> Oral Tabletas<\/p>\n<p><span style=\"font-weight: 400;\">Watson Pharma marca generica buena calidad cumple con todas las normas de etiquetado<\/span><\/p>\n<figure id=\"attachment_343\" aria-describedby=\"caption-attachment-343\" style=\"width: 300px\" class=\"wp-caption alignnone\"><img fetchpriority=\"high\" decoding=\"async\" class=\"size-medium wp-image-343\" src=\"http:\/\/www.suplementosmayoreogdl.com\/wp-content\/uploads\/2024\/10\/04-OXYMETOLONE-TABLETS-50MG-300x300.png\" alt=\"Oximetolona - Anadrol - Anapolon - Watson - 60 tabs - 50 mg\" width=\"300\" height=\"300\" \/><figcaption id=\"caption-attachment-343\" class=\"wp-caption-text\">Oximetolona &#8211; Anadrol &#8211; Anapolon &#8211; Watson &#8211; 60 tabs &#8211; 50 mg<\/figcaption><\/figure>\n<p><a href=\"https:\/\/www.suplementosmayoreogdl.com\/categoria-producto\/anadrol-oximetolona\/\" target=\"_blank\" rel=\"noopener\">http:\/\/suplementosmayoreogdl.com<\/a><\/p>\n<p><a href=\"http:\/\/suplementosguadalajara.com.mx\" target=\"_blank\" rel=\"noopener\">http:\/\/suplementosguadalajara.com.mx<\/a><\/p>\n<p><a href=\"http:\/\/watsonmexico.com\" target=\"_blank\" rel=\"noopener\">http:\/\/watsonmexico.com<\/a><\/p>\n","protected":false},"excerpt":{"rendered":"<p>Oximetolona &#8211; Anadrol &#8211; Anapolon &#8211; Watson &#8211; 60 tabs &#8211; 50 mg<\/p>\n<p><span style=\"font-weight: 400;\">Facil y sencillo elige entre comprar<\/span><\/p>\n<p><span style=\"font-weight: 400;\">Mayoreo 10 pzs $ 350<\/span><\/p>\n<p><span style=\"font-weight: 400;\">Distribuidor 5 pzs $ 450<\/span><\/p>\n<p><span style=\"font-weight: 400;\">Publico 1 a 4 pzs $ 550<\/span><\/p>\n<p>&nbsp;<\/p>\n<p><span style=\"font-weight: 400;\">Nota: puedes comprar varios productos combinados entre mayoreo y distribuidor<\/span><\/p>\n<p><span style=\"font-weight: 400;\">en tu lista puedes agregar proteinas suplementos hormonas sarms esteroides toda una combinacion de productos siempre y cuando cubras los 10 productos de mayoreo o\u00a0 5 de distribuidor.<\/span><\/p>\n<p><span style=\"font-weight: 400;\">Suplementos mayoreo gdl elige comprar entre mayoreo distribuidor publico entregas en guadalajara envios por dhl estafeta a todo mexico\u00a0 y estados unidos por usps.\u00a0<\/span><\/p>\n","protected":false},"featured_media":348,"comment_status":"open","ping_status":"closed","template":"","meta":{"_joinchat":[]},"product_brand":[],"product_cat":[6708,8556],"product_tag":[],"class_list":{"0":"post-992","1":"product","2":"type-product","3":"status-publish","4":"has-post-thumbnail","6":"product_cat-esteroides-anabolicos-orales","7":"product_cat-anadrol-oximetolona","9":"first","10":"instock","11":"shipping-taxable","12":"purchasable","13":"product-type-simple"},"_links":{"self":[{"href":"http:\/\/ventasarms.com\/index.php\/wp-json\/wp\/v2\/product\/992","targetHints":{"allow":["GET"]}}],"collection":[{"href":"http:\/\/ventasarms.com\/index.php\/wp-json\/wp\/v2\/product"}],"about":[{"href":"http:\/\/ventasarms.com\/index.php\/wp-json\/wp\/v2\/types\/product"}],"replies":[{"embeddable":true,"href":"http:\/\/ventasarms.com\/index.php\/wp-json\/wp\/v2\/comments?post=992"}],"wp:featuredmedia":[{"embeddable":true,"href":"http:\/\/ventasarms.com\/index.php\/wp-json\/wp\/v2\/media\/348"}],"wp:attachment":[{"href":"http:\/\/ventasarms.com\/index.php\/wp-json\/wp\/v2\/media?parent=992"}],"wp:term":[{"taxonomy":"product_brand","embeddable":true,"href":"http:\/\/ventasarms.com\/index.php\/wp-json\/wp\/v2\/product_brand?post=992"},{"taxonomy":"product_cat","embeddable":true,"href":"http:\/\/ventasarms.com\/index.php\/wp-json\/wp\/v2\/product_cat?post=992"},{"taxonomy":"product_tag","embeddable":true,"href":"http:\/\/ventasarms.com\/index.php\/wp-json\/wp\/v2\/product_tag?post=992"}],"curies":[{"name":"wp","href":"https:\/\/api.w.org\/{rel}","templated":true}]}}